. Calculate f(-4).
20
Suppose -4*q + 4 = 0, a - 4*q = -a - 62. Let z = 31 + a. Let g(n) = 2*n**2 - 5*n - 1 + 0*n + 4*n. Calculate g(z).
5
Let a(m) = -3*m**3 - 9*m**2 - 6*m - 8. Let k(p) = -7*p**3 - 19*p**2 - 11*p - 15. Let b(n) = 5*a(n) - 2*k(n). Give b(-6).
2
Let m(x) = 3*x**2 + 3*x + 3. Let h be ((-16)/6)/((-4)/18). Suppose 3*i + i - 5*z - h = 0, 0 = 4*i - 4*z - 8. Determine m(i).
9
Let b(j) be the third derivative of -7*j**5/30 - j**4/12 + j**3/6 - 22*j**2. Determine b(1).
-15
Let t(q) = q**2 + 5*q + 4. Let l be (-3 - 1) + 0 - 24. Let m = l - -50. Let o = m + -28. Give t(o).
10
Let f(x) = -3*x**2 + 10*x - 2. Let q(m) = -4*m**2 + 11*m - 2. Let u(b) = -3*f(b) + 2*q(b). Let r(k) be the first derivative of u(k). Give r(7).
6
Let l(c) = c**3 + 4*c**2 + 2*c + 3. Let j(z) = -3*z + 16. Let r be j(5). Let p be r*-1*(-3 - 0). Suppose 5*w + 20 = 0, p*f = 6*f - 5*w - 11. Give l(f).
6
Let v(x) = 27*x - 448. Let g be v(17). Let i(m) = m**3 - 12*m**2 + 15*m - 25. Calculate i(g).
19
Let z(p) be the first derivative of p**4/4 + p**3/3 + 3*p**2/2 + 2*p - 83. What is z(-2)?
-8
Let u be (-55)/(-20) - 1/(-4). Suppose -2*m + u + 3 = 0. Let p(a) = -a - 2 - 9*a**2 + 0*a**3 + a**3 + m*a**2 + 7*a**2. What is p(0)?
-2
Let x = 12 + -8. Let k = 75 - 75. Suppose r + 0*r - x = k. Let p(y) = y**2 - 5*y. What is p(r)?
-4
Let i(j) = j**2 - 7*j - 8. Let a be i(8). Let r(p) = -3*p**2 - 4*p - 1. Let k(u) = -u**3 + 13*u**2 + 17*u - 5. Let g(d) = -k(d) - 4*r(d). Determine g(a).
9
Let h(t) be the second derivative of 5*t**3/6 + 5*t**2/2 - 16*t - 2. Calculate h(-5).
-20
Let q(y) = -10*y - 4 - 24*y**2 + 10*y**2 + 21 + 15*y**2 - 2. Calculate q(7).
-6
Let n(z) = z**2 + 2*z - 4. Let a(t) = -t**2 - 11*t - 14. Let x be a(-10). Give n(x).
4
Let k be ((-10)/(-8))/((-5)/(-20)). Suppose 3 - k = -o. Suppose o = 2*n - 0*n. Let m(q) = -7*q**3 - 2*q**2 + 2*q - 1. Determine m(n).
-8
Let d(o) = -o**2 - 6*o - 4. Let u be d(-2). Let x(l) be the first derivative of 4/3*l**3 - 3*l + 5 - 1/2*l**2 - 1/4*l**4. Calculate x(u).
-7
Let k = -537 - -528. Let a(c) = 5*c + 39. Calculate a(k).
-6
Let w(b) = -b**2 + b - 4. Suppose -4*d = -1 - 11. Suppose d*f + 11 = 5*f + 5*u, 0 = 3*f - 3*u - 6. Calculate w(f).
-10
Let y(z) = -z. Let f(r) = r**2 + 3*r + 7. Let q = 32 - 36. Let u(j) = q*y(j) - f(j). Determine u(0).
-7
Let m(f) = -7*f**2 + 3*f - 7. Let l(n) = 11*n**2 - 5*n + 11. Let g(w) = w - 18. Let o be g(13). Let c(v) = o*l(v) - 8*m(v). What is c(-2)?
3
Let d(i) = -i + 4. Suppose 0 = 2*s - k - 20, s + 15*k = 14*k + 10. Determine d(s).
-6
Let i(h) be the first derivative of -h**2/2 - 2*h - 10. Give i(5).
-7
Let n(r) = -r**3 - 9*r**2 - 6*r - 4. Suppose 0 = 622*j - 633*j - 44. Calculate n(j).
-60
Let h(m) = -3*m**3 - 654*m**2 - 2*m - 651*m**2 - 653*m**2 + 1956*m**2 - 1. Give h(-2).
19
Let h(q) = -33*q**2 - q - 1. Suppose 70 = -5*k + 65. Give h(k).
-33
Let z(g) be the second derivative of -g**5/20 + g**4/3 - g**3/3 + 5*g**2/2 + 65*g - 4. Determine z(4).
-3
Let q = 6 - -19. Let p = -23 + q. Let t(m) = -2*m + 1. What is t(p)?
-3
Let i(p) be the second derivative of p**8/6720 + p**7/420 + p**6/360 + 3*p**5/40 - 7*p**4/4 + 20*p. Let j(l) be the third derivative of i(l). Calculate j(-6).
-3
Let z(m) = -4*m + 1. Let v(y) = -y. Let g(x) = -6*v(x) + z(x). Let w = 47 + -45. Let o be w/(-6)*-6 - (-3 - -3). Determine g(o).
5
Let r = 15 + -27. Let l be 132/(-15) - 2/10. Let a = l - r. Let k(b) = -2*b + 1. Give k(a).
-5
Let g(i) be the first derivative of i**4/4 - 2*i**3 + 2*i**2 + 5*i - 156. Calculate g(5).
0
Suppose 11*g - 2*g - 99 = 0. Let j(d) = 1 - 3 + 4 + 12*d**2 - g*d**2. Let v be -1 - (-1 - (2 - 5)). Determine j(v).
11
Suppose 5*d - 33 = 2. Let i(v) = 5*v - 18. Let s be i(4). Let y(w) = -10 + s + 7*w - w**2 + 1. Give y(d).
-7
Suppose -12 = 4*w + 8. Let u(j) = -3*j**3 + 10*j**2 + 3*j - 13. Let v(q) = -q**3 + 5*q**2 + q - 6. Let l(f) = w*v(f) + 2*u(f). Let h = 15 - 19. What is l(h)?
-16
Let s(o) = -9*o - 4. Suppose 0 = -g + 1, 5*k = 4*k + 4*g - 5. Determine s(k).
5
Suppose -5*z + 1 = 2*i, 2*i = -4*z + z - 1. Let o(k) = -3*k - 1. Give o(z).
-4
Let s(y) = 3*y**2 + 14*y - 21. Let k(x) = 7*x**2 + 28*x - 41. Let f(m) = -2*k(m) + 5*s(m). Give f(-15).
-8
Let i(o) = -30 - 30 + 90 - 5*o - 2*o**3 - 6*o**2 + o**3 - 34. Determine i(-4).
-16
Let m(j) = -3*j**3 + j**2 + 10*j - 1. Let b(g) = 3*g**3 - 7*g. Let k(l) = 3*b(l) + 2*m(l). Calculate k(2).
28
Let l(i) be the third derivative of -i**7/252 - i**6/360 + i**5/120 + 35*i**4/24 + 21*i**2. Let t(c) be the second derivative of l(c). Determine t(1).
-11
Let h be 9/12*32/12. Suppose 0 = -4*w + h*j - 10, -j + 8 = w + 2*j. Let i(f) = -27*f**2 - f - 1. Determine i(w).
-27
Let n = 325 + -308. Let l(b) = b**2 - 16*b - 13. Calculate l(n).
4
Let p(f) be the first derivative of f**3 - f**2 - 3*f - 25. Let n(z) = z**2 + z + 1. Let k(x) = -4*n(x) + p(x). What is k(-5)?
-2
Suppose 5*a - 49 = 4*z, z = -2*a - 13 + 30. Suppose -6*q - 51 + a = 0. Let s(o) = o**2 + 7*o + 5. Calculate s(q).
5
Let y = 331 - 331. Let j(q) = -q**3 + q**2 - 2*q - 13. Determine j(y).
-13
Suppose -3 - 2 = g. Let a(q) = 5*q**2 + 3*q + 1. Let x(z) be the first derivative of -z**3/3 - z**2/2 + z - 2. Let y(t) = -a(t) - 6*x(t). What is y(g)?
3
Let f = 172 - 169. Let z(i) = -i**2 + 5*i - 3. What is z(f)?
3
Let w(v) = 6*v + 3. Let o(z) = -z**3 - 6*z**2 + 29*z + 20. Let d be o(-9). Suppose 8 = -d*l - 7*g + 3*g, -4*l - 5*g - 13 = 0. Calculate w(l).
-9
Let j(m) = 14*m + 11*m - 40*m + 3 + 16*m. Suppose 0 = -5*f - 3*i + 54, 0 = -2*f - 3*i + 17 + 10. Suppose f*v = 4*v. Determine j(v).
3
Suppose -9*m + 33 = -3. Let z(a) be the third derivative of -a**6/120 + a**5/15 - a**4/24 + 2*a**3/3 - 3*a**2. Give z(m).
0
Let f(n) = -n**3 + 4*n**2 - 5*n - 1. Let j be ((-6)/7)/(20/(-70)). Determine f(j).
-7
Suppose 11*b + 16 = -17. Let a(r) = -2*r - 2. Calculate a(b).
4
Let l(u) = -3*u**2 + 5*u + 3. Let x(s) = 10*s**2 - 16*s - 9. Let p(n) = 7*l(n) + 2*x(n). Let f(k) = -k + 5. Let d be f(0). Let z = -2 + d. Give p(z).
3
Let g(t) be the third derivative of t**7/5040 + t**6/144 - t**5/30 - t**2. Let r(j) be the third derivative of g(j). Let q be -5*(6/(-5))/1. What is r(q)?
11
Let n = -1 - -5. Suppose -4*b = -16 + n. Let y(r) = 4 + b - 8 + r. Give y(-7).
-8
Suppose 0*p = p - 4. Let z = p - 6. Let h be -3 - (-1)/((-1)/z). Let c(k) = -7*k**3 - k**2 - k - 1. Determine c(h).
6
Let f(i) = -4*i - 2 + 3*i + 6 + 5 - 8. Give f(-1).
2
Suppose 0 = -2*y + g - 0*g + 7, 4*y = -5*g - 21. Let f(v) = -y + 0 + 3*v - 2. Let i be ((-6 - -3) + 5)*1. Give f(i).
3
Let v(o) = 3*o + 3. Let f be v(-1). Let u(k) = 2 + f + 4 - k. Give u(-5).
11
Suppose -u = -4*u - 4*m + 35, 5*m = -u + 30. Suppose u = 5*k + y, 3*k - y = 4*y + 3. Let v(l) = -17*l + 12*l + 1 - l**3 + 3*l + 6*l**2 - 4*l**2. What is v(k)?
0
Let t(b) be the first derivative of -b**4/4 - b**3 - b**2 - b + 776. Calculate t(-2).
-1
Let l(x) = x**3 - 2*x**2 - x - 1. Let y(r) = -4*r**3 + r**2 + r + 2. Let t(o) = 3*l(o) + y(o). Determine t(-3).
-13
Let y(n) = 0*n - 1 + 11*n**3 + 3*n**2 + n - 2*n**2. Suppose -15 = 9*t - 24. Calculate y(t).
12
Let n(c) = c**3 + 6*c**2 - 2*c - 6. Let j be n(-6). Let l be j/4*(1 - 3). Let w(x) = x**3 - 5*x**2 - 2*x**3 + 0 + 4*x**2 + 3*x - 3. Determine w(l).
6
Let g(n) be the third derivative of -n**6/120 + n**5/60 + n**4/24 - 5*n**3/6 - 6*n**2. Let p be g(0). Let i(y) = -4*y + 4*y - y - 1 + 2*y. Calculate i(p).
-6
Let c(u) be the first derivative of -u**3/3 + 5*u**2/2 - 6*u + 4. Let f = 11 + -17. Let j = -2 - f. What is c(j)?
-2
Let c(j) = j**3 - 47*j**2 - 49*j + 54. Let d be c(48). Let y(h) = -h**2 + 7. Determine y(d).
-29
Let u(x) be the second derivative of -3*x - 5/12*x**4 - 1/2*x**2 + 0 + 0*x**3. Let v be 45/39 - 18/117. Calculate u(v).
-6
Let h(w) = 42*w + 0 - 80*w + 4 + 45*w - 7. Determine h(4).
25
Let g(l) = -l**2 + 12*l + 10. Suppose 4*j + 26 = 2*r, -18 = -3*r + 3*j + 18. Determine g(r).
21
Let i(c) = 2*c + 4. Let v be 48*(4/6)/((-24)/(-36)). Suppose 0 = 5*k + q + q - 44, -5*k - 4*q = -v. Determine i(k).
20
Let p = 53 - 46. Let h(b) = 16*b - 31*b - 2 + 14*b + 3. Calculate h(p).
-6
Let x(z) = z**2 + 8*z + 5. Suppose -q + 3*v = -2*q - 15, -2*q + 4*v = 0. Determine x(q).
-7
Let i(q) = q**3 - 6*q**2 - 9*q + 8. Let d = 11 + 59. Suppose -10*x + d = -5*x. Suppose -11*m = -x*m + 21. Calculate 